{"id":257,"date":"2022-09-15T14:24:01","date_gmt":"2022-09-15T12:24:01","guid":{"rendered":"https:\/\/aluplakpolska.pl\/?page_id=257"},"modified":"2022-09-15T14:49:17","modified_gmt":"2022-09-15T12:49:17","slug":"cornerplak","status":"publish","type":"page","link":"https:\/\/aluplakpolska.pl\/index.php\/cornerplak\/","title":{"rendered":"CORNERPLAK"},"content":{"rendered":"\n<p>Kiedy my\u015bla\u0142e\u015b, \u017ce wszystko ju\u017c zosta\u0142o wynalezione, pojawia si\u0119 <strong>CORNERPLAK.<\/strong><\/p>\n\n\n\n<p>Profil ten pokrywa naro\u017cniki i tworzy po\u015brednie \u015bwiat\u0142o, kt\u00f3re odgranicza \u015bciany i zapewnia pionowe o\u015bwietlenie jednocze\u015bnie zabezpieczaj\u0105c naro\u017cniki w miejscu instalacji.<\/p>\n\n\n\n<p>ALUPLAK CORNERPLAK to jedyna dost\u0119pna na rynku listwa wyko\u0144czeniowa, dzi\u0119ki kt\u00f3rej zabezpieczysz naro\u017cniki w u\u017cytkowanych pomieszczeniach. CORNERPLAK pozwala na monta\u017c o\u015bwietlenia LED, tworz\u0105c komfortowe otoczenie dzi\u0119ki zastosowaniu o\u015bwietlenia po\u015bredniego. <\/p>\n\n\n\n<p>Mo\u017ce by\u0107 wykorzystany np. do oznaczenia dr\u00f3g ewakuacyjnych w budynkach u\u017cyteczno\u015bci publicznej.<\/p>\n\n\n\n<figure class=\"wp-block-gallery has-nested-images columns-default is-cropped wp-block-gallery-1 is-layout-flex wp-block-gallery-is-layout-flex\">\n<figure class=\"wp-block-image size-full\"><img loading=\"lazy\" decoding=\"async\" width=\"254\" height=\"409\" data-id=\"266\" src=\"https:\/\/aluplakpolska.pl\/wp-content\/uploads\/2022\/09\/2-1-edited.png\" alt=\"\" class=\"wp-image-266\" srcset=\"https:\/\/aluplakpolska.pl\/wp-content\/uploads\/2022\/09\/2-1-edited.png 254w, https:\/\/aluplakpolska.pl\/wp-content\/uploads\/2022\/09\/2-1-edited-186x300.png 186w\" sizes=\"auto, (max-width: 254px) 100vw, 254px\" \/><figcaption>Cornerplak LED (czarny mat) z matow\u0105 listw\u0105 poliw\u0119glanow\u0105 <\/figcaption><\/figure>\n<\/figure>\n\n\n\n<p><\/p>\n\n\n\n<hr class=\"wp-block-separator has-alpha-channel-opacity\"\/>\n\n\n\n<p class=\"has-text-align-center has-white-color has-luminous-vivid-amber-background-color has-text-color has-background\"><strong>MONTA\u017b<\/strong><\/p>\n\n\n<div class=\"wp-block-image\">\n<figure class=\"aligncenter size-full\"><img loading=\"lazy\" decoding=\"async\" width=\"945\" height=\"392\" src=\"https:\/\/aluplakpolska.pl\/wp-content\/uploads\/2022\/09\/image-3.png\" alt=\"\" class=\"wp-image-264\" srcset=\"https:\/\/aluplakpolska.pl\/wp-content\/uploads\/2022\/09\/image-3.png 945w, https:\/\/aluplakpolska.pl\/wp-content\/uploads\/2022\/09\/image-3-300x124.png 300w, https:\/\/aluplakpolska.pl\/wp-content\/uploads\/2022\/09\/image-3-768x319.png 768w\" sizes=\"auto, (max-width: 945px) 100vw, 945px\" \/><\/figure>\n<\/div>\n\n<div class=\"wp-block-image\">\n<figure class=\"aligncenter size-full\"><img loading=\"lazy\" decoding=\"async\" width=\"945\" height=\"464\" src=\"https:\/\/aluplakpolska.pl\/wp-content\/uploads\/2022\/09\/image-2.png\" alt=\"\" class=\"wp-image-263\" srcset=\"https:\/\/aluplakpolska.pl\/wp-content\/uploads\/2022\/09\/image-2.png 945w, https:\/\/aluplakpolska.pl\/wp-content\/uploads\/2022\/09\/image-2-300x147.png 300w, https:\/\/aluplakpolska.pl\/wp-content\/uploads\/2022\/09\/image-2-768x377.png 768w\" sizes=\"auto, (max-width: 945px) 100vw, 945px\" \/><\/figure>\n<\/div>\n\n\n<hr class=\"wp-block-separator has-alpha-channel-opacity\"\/>\n\n\n\n<p>ALUPLAK CORNERPLAK, to kompletny praktyczny system:<\/p>\n\n\n\n<ul class=\"wp-block-list\"><li>Systemowe po\u0142\u0105czenie z ALUPLAK LED,<\/li><li>Kana\u0142 instalacyjny dedykowany do instalacji o\u015bwietlenia led,<\/li><li>Bezinwazyjne prace instalacyjne na ka\u017cdym etapie u\u017cytkowania,<\/li><li>Umo\u017cliwia oznaczenie dr\u00f3g ewakuacyjnych w budynkach wielkopowierzchniowych pomieszczeniach biurowych,<\/li><li>Zabezpieczenie naro\u017cnik\u00f3w przed uszkodzeniem<\/li><\/ul>\n","protected":false},"excerpt":{"rendered":"<p>Kiedy my\u015bla\u0142e\u015b, \u017ce wszystko ju\u017c zosta\u0142o wynalezione, pojawia si\u0119 CORNERPLAK. Profil ten pokrywa naro\u017cniki i tworzy po\u015brednie \u015bwiat\u0142o, kt\u00f3re odgranicza \u015bciany i zapewnia pionowe o\u015bwietlenie jednocze\u015bnie zabezpieczaj\u0105c naro\u017cniki w miejscu instalacji. ALUPLAK CORNERPLAK to jedyna dost\u0119pna na rynku listwa wyko\u0144czeniowa, dzi\u0119ki kt\u00f3rej zabezpieczysz naro\u017cniki w u\u017cytkowanych pomieszczeniach. CORNERPLAK pozwala na monta\u017c o\u015bwietlenia LED, tworz\u0105c komfortowe [&hellip;]<\/p>\n","protected":false},"author":1,"featured_media":0,"parent":0,"menu_order":0,"comment_status":"closed","ping_status":"closed","template":"","meta":{"footnotes":""},"class_list":["post-257","page","type-page","status-publish","hentry"],"_links":{"self":[{"href":"https:\/\/aluplakpolska.pl\/index.php\/wp-json\/wp\/v2\/pages\/257","targetHints":{"allow":["GET"]}}],"collection":[{"href":"https:\/\/aluplakpolska.pl\/index.php\/wp-json\/wp\/v2\/pages"}],"about":[{"href":"https:\/\/aluplakpolska.pl\/index.php\/wp-json\/wp\/v2\/types\/page"}],"author":[{"embeddable":true,"href":"https:\/\/aluplakpolska.pl\/index.php\/wp-json\/wp\/v2\/users\/1"}],"replies":[{"embeddable":true,"href":"https:\/\/aluplakpolska.pl\/index.php\/wp-json\/wp\/v2\/comments?post=257"}],"version-history":[{"count":5,"href":"https:\/\/aluplakpolska.pl\/index.php\/wp-json\/wp\/v2\/pages\/257\/revisions"}],"predecessor-version":[{"id":293,"href":"https:\/\/aluplakpolska.pl\/index.php\/wp-json\/wp\/v2\/pages\/257\/revisions\/293"}],"wp:attachment":[{"href":"https:\/\/aluplakpolska.pl\/index.php\/wp-json\/wp\/v2\/media?parent=257"}],"curies":[{"name":"wp","href":"https:\/\/api.w.org\/{rel}","templated":true}]}}